 - 3. Let m be z(5). Let g = m + 15. Let c = 6 + 0. What is the remainder when g is divided by c?
5
Suppose 68 + 22 = 2*m. Calculate the remainder when m is divided by 23.
22
Suppose 5*v - 12 = 2*v, 5*a - 24 = -v. Suppose 0 = 4*b - 4*o - a, -2*b + o = -3*o + 2. What is the remainder when b is divided by 2?
1
Let j = -8 + 12. Suppose g - 4*g = -21. What is the remainder when g is divided by j?
3
Let n be (-1 - -4) + -2 + 64. Let b = 94 - n. Calculate the remainder when b is divided by 10.
9
Suppose 9*z - 374 = 13. Calculate the remainder when 126 is divided by z.
40
Let f(c) = -c**3 - c**2 - c - 1. Let b be f(-1). Let l = -2 + b. Let w = l - -6. Calculate the remainder when 10 is divided by w.
2
Let c be (-1 + 2)*(-6)/(-3). Suppose -3*y + 35 = -25. What is the remainder when y is divided by 1/2*c*7?
6
Suppose 6*c + 2*j + 8 = 5*c, 4*c - 4 = j. Suppose 3*i - 2*i = c. Suppose -4*p = -i*p - 40. What is the remainder when 28 is divided by p?
8
Let b be 1/(1/5 + 0). Let f(n) = n**3 + 4*n**2 - 5*n - 2. Calculate the remainder when 258/b + 10/25 is divided by f(-4).
16
Suppose 2 = z, 9 = -0*p + p - 4*z. Suppose 0 = 6*v - v - 30. Suppose -3*s = 2*d - 26, 6*s - 3*s = v. What is the remainder when p is divided by d?
7
Let i(c) = -c - 15. Let k be i(11). Let w be 876/21 + (-2)/(-7). Let o = k + w. What is the remainder when o is divided by 9?
7
Suppose 3*h + 27 = -0*h. Let i(p) = -p**3 + 8*p**2 + 4*p + 6. Calculate the remainder when i(8) is divided by (-3)/h - 236/(-12).
18
Suppose -5*w + 5 = -0*w. Suppose -76 = -19*p + 15*p. Calculate the remainder when w + 37 + (-1)/1 is divided by p.
18
Let p(c) = -c**3 - 7*c**2 - 9*c - 2. Let y be p(-6). Let r = y + 11. Calculate the remainder when 51 is divided by r.
24
What is the remainder when 58 is divided by (-9)/((-9)/8) + 5 + -3?
8
Let v(y) = -4*y - 3. What is the remainder when v(-2) is divided by 4?
1
Suppose -7 = -4*j + 3*j. Suppose -3*k + 4 = m, -k + 23 = -2*m - 2*m. What is the remainder when j is divided by k?
1
Let q be 0 + -16*1/(-2). Suppose -t + 17 = -2*o, -4*o = -2*t + 6*t - 116. Calculate the remainder when t is divided by (-61)/(-7) - q/(-28).
7
Let f = 6 - -2. What is the remainder when 37 is divided by f?
5
Let w(p) = -p**3 - 5*p**2 - p - 8. Let r be w(-6). Suppose 0*v + 5*v - l = 46, -3*l = -4*v + 39. Calculate the remainder when 1/(2/r + 0) is divided by v.
8
Let n(s) = -4*s**3 + s**2 - s + 1. Suppose -w - 3 = -4*w. Let c be n(w). What is the remainder when (-3)/(4/(64/c)) is divided by 9?
7
Let o = 103 + -82. What is the remainder when 101 is divided by o?
17
Suppose 2*d - d - 5 = 0. Let l(k) = d*k + k - k - 5. What is the remainder when l(4) is divided by 8?
7
Let g be 95/(-2) - 3/(-6). Calculate the remainder when (-3 - -2)/1 - g is divided by 16.
14
Calculate the remainder when 12/18*(-21)/(-4)*14 is divided by 14.
7
Suppose 3*b - 2*k = 31, -2*b = -0*b + 2*k - 4. Suppose -5*j + 54 = -2*j + 4*x, j + 5*x = b. Calculate the remainder when j is divided by (-6)/5*(-100)/15.
6
Suppose -l - 3*l = -8. Calculate the remainder when 2 + 0/(4/(-2)) is divided by l.
0
Suppose 5*q + 115 = 5*m, -4*m + 2*m + 4*q = -52. Calculate the remainder when 118 is divided by m.
18
Calculate the remainder when 1604/52 - 6/(-39) is divided by 11.
9
Suppose -r + 8 + 10 = 3*n, 3*n + 5*r - 18 = 0. Let k(u) = -9*u + 6. Let a be k(-5). Calculate the remainder when a*(0 + n/9) is divided by 12.
10
Let n = 64 + 0. What is the remainder when n is divided by 17?
13
Let o = 64 + -42. Let x(q) = q**3 - 9*q**2 - 11*q + 11. Let g be x(10). Let b = g - -7. Calculate the remainder when o is divided by b.
6
Let b(y) = -y**3 - 4*y**2 + 4*y + 4. Suppose 0*n - 3*k = 4*n - 74, -3*n = k - 53. Calculate the remainder when n is divided by b(-5).
8
Let q(t) = -3*t + 2 + 4 + 0. Let h be q(5). What is the remainder when 3*-23*3/h is divided by 8?
7
Suppose -7*q = -2*q - 95. What is the remainder when 74 + ((-3)/(-3) - 2) is divided by q?
16
Suppose n - 2 = -n + 2*r, 5*n = -4*r + 23. Suppose a + 16 = 3*a. What is the remainder when a is divided by n?
2
Let q be (-6 + -5)/(-2 + 1). Let u = -7 + q. Calculate the remainder when ((-5)/2)/(2/(-8)) is divided by u.
2
Suppose 5*c - 17 - 35 = -3*f, -f + c = -12. Let x(t) = 2*t**2 + 0*t**2 - t**2 - t + t**3 + 27. What is the remainder when x(0) is divided by f?
13
Let x(z) be the third derivative of z**4/24 + 2*z**3/3 - z**2. Suppose -3*v + 4*v = 3. Calculate the remainder when v is divided by x(-2).
1
Let s(c) = -c**3 + 5*c**2 + 6*c - 12. Calculate the remainder when s(5) is divided by 8.
2
Let k be ((-8)/20)/((-1)/65). Let g = 13 + k. Calculate the remainder when g is divided by 8.
7
Suppose 5*g + 2 = 7. Suppose 5*s = -15, -5*m + 0*s = 3*s - g. What is the remainder when (2/m)/(1/16) is divided by 9?
7
Suppose n = 5*b - 17, n + 0 - 7 = -b. What is the remainder when 45 is divided by 50/b + (-1)/2?
9
Suppose v - 14 = -3*b, -v + 28 = v - b. What is the remainder when 82 is divided by v?
12
Let q be 7/5 - (-6)/10. Suppose -q*y + 7*y - 60 = 0. Let r(g) = 7*g**2 + 4*g + 2. Calculate the remainder when r(-2) is divided by y.
10
Let p = 24 + -14. Let w = -5 - -5. Suppose w = -3*a + 12 + 72. Calculate the remainder when a is divided by p.
8
Suppose -4*y - 12 = 0, 2*v - 13 = -3*y + 10. Let z(a) = -7*a. Calculate the remainder when z(-9) is divided by v.
15
Let i = -19 + 26. What is the remainder when i is divided by 4?
3
What is the remainder when (-3)/((-3)/35) + -1 is divided by 7?
6
Let c = -18 - -27. Let i(l) = -12*l - 22. What is the remainder when i(-4) is divided by c?
8
Let t(d) = -24*d**3 + 3*d**2 + 3*d + 1. Calculate the remainder when 124 is divided by t(-1).
24
Let w(r) = -r**3 + 8*r**2 + 5*r - 4. Let a be w(8). Let o = a + -13. What is the remainder when o is divided by 12?
11
Let w = 4 + -1. Let a be 1 - (w - 4 - 0). What is the remainder when 13 is divided by a/1*35/14?
3
Let g(v) = v - 2. Let o be g(6). Suppose 15 = 5*b - 0*b + 5*y, 0 = -o*b - 2*y + 20. Suppose 5*u = b*u - 42. What is the remainder when u is divided by 11?
10
Let h = 55 - 35. Let p(m) = 2*m**2 - 1. Calculate the remainder when h is divided by p(2).
6
Suppose -5*q + 81 = 11. What is the remainder when 69 is divided by q?
13
Suppose 21 + 11 = 2*g. Suppose 5*l + 5*l = 470. What is the remainder when l is divided by g?
15
Let h(u) = 2*u - 9. Let z be h(6). Let w(c) be the first derivative of c**4/4 + c**3 - c**2/2 - 3*c - 12. Calculate the remainder when w(z) is divided by 25.
23
Suppose -20 + 5 = 3*z - 3*k, -11 = 5*z + 2*k. Let r(l) = l**3 + 6*l**2 + 2*l - 3. What is the remainder when 50 is divided by r(z)?
14
Let v be ((-2)/8)/(4/(-48)). Suppose -4*k + 109 = -v. Calculate the remainder when k is divided by 15.
13
Let s = -11 + 77. Let f = s + -31. Calculate the remainder when f is divided by 9.
8
Let a(v) = v**3 - v**2 + 2*v - 2. Let z(p) = -p**3 + 9*p**2 - 6. Let n be z(9). Let t(c) = -2*c - 8. Calculate the remainder when a(2) is divided by t(n).
2
Let o be (-2)/6 + 128/24. Suppose o*t - 3*t + 21 = c, 3 = -c - 4*t. Calculate the remainder when 37 is divided by c.
11
Let w(i) = -i**3 - 5*i**2 - 6*i - 5. Let r(f) = -f**3 + 4*f**2 + f + 2. Calculate the remainder when r(4) is divided by w(-4).
0
Let z = -57 + 118. Suppose -63 = -0*i - 3*i. What is the remainder when z is divided by i?
19
Suppose -3*k = k - 4*p - 120, 5*p = 20. Calculate the remainder when k is divided by 21.
13
Let m(p) = 41*p**2 - 3*p + 3. What is the remainder when m(1) is divided by 15?
11
Let i = -50 - -128. Suppose 3*x = a + 17 + 43, x = -3*a + 20. What is the remainder when i is divided by x?
18
Let p(a) = a**2 + 8*a + 9. Let t be p(-7). Suppose -t*q + 28 = -4. Calculate the remainder when 31 is divided by q.
15
What is the remainder when (2 - 6) + 8 + 103 is divided by 36?
35
Let x = 75 + -52. Let n = 208 - 140. Calculate the remainder when n is divided by x.
22
Let o(l) = l**2 - 8*l - 3. Let c be o(8). Calculate the remainder when 23 is divided by (-1 + c)/((-2)/4).
7
Let d = 8 + -2. Suppose -x = 4*g + 40, 5*g + 1 + 49 = -4*x. What is the remainder when 0 - 1/(-1) - g is divided by d?
5
Suppose 2*o + a + 2*a - 7 = 0, -5*o + 3*a + 49 = 0. Suppose -2*y - 4*j = -2, 5*j = -2*y - 0 + 1. What is the remainder when o is divided by y?
2
Calculate the remain